98, -2*z - 2*f = -28. What is k(z)?
7
Let t = -742 + 740. Let h(m) = m**3 - 2*m - 1. What is h(t)?
-5
Let m(o) = -4*o**2 + 17 + 5*o + 3*o**2 - 15. Let g(t) = -t**3 - 4*t**2 + 2*t + 2. Let i be g(-3). Let z = 18 + i. Calculate m(z).
2
Let f(a) = -3*a**2 + 6. Let s(p) = -6*p**2 + 11. Let u(n) = -7*f(n) + 4*s(n). Suppose -4*l - 12 = 0, 49*l - 45*l + 18 = -3*x. Calculate u(x).
-10
Let i(z) be the second derivative of z**2 - 125*z. Let s(f) = 14*f - 6. Let r(h) = -2*i(h) - s(h). Determine r(2).
-26
Let j(n) = -7*n - 3. Suppose 5 = 2*k + y, -4*y + 18 = 5*k + 4. Let g be (-40)/25*10/(-4). Suppose -k*b + 8 = -4*r, 5*r - 3*r + 3*b = -g. Calculate j(r).
11
Let p(h) be the third derivative of -h**6/120 - h**5/30 + h**4/24 + 2*h**3/3 + 7*h**2 + 34*h. Determine p(2).
-10
Let o(a) = 3*a**3 + 2*a**2 + a. Let h = -506 + 231. Let w = h + 274. Calculate o(w).
-2
Let s(n) = -4*n - 7. Let c be s(1). Let r be -9 + (c + 10)/(2/(-10)). Let j(y) = -y**3 - 3*y**2 + 2*y - 7. Determine j(r).
1
Let t = -110 - -99. Let j = 1 - t. Suppose -27 = -5*c + 4*i, -2*i + 3*i + j = 2*c. Let x(a) = -a**2 + 7*a + 3. Determine x(c).
3
Suppose n - 9 = 4*n. Let x(o) be the second derivative of -3/2*o**2 - 2/3*o**3 + 0 + 1/6*o**4 + 1/20*o**5 - 21*o. Determine x(n).
0
Let x(g) = 3*g**3 - 3*g**2 + 2*g - 3. Let v be (-24420)/(-925) - (-1)/((-10)/4). Let y = 30 + -6. Let h = v - y. Determine x(h).
13
Suppose 27*j - 145 + 388 = -324. Let q(l) = -2*l**2 - 43*l - 26. Determine q(j).
-5
Let u(w) be the first derivative of 17 - 30*w + 1/2*w**2. Give u(13).
-17
Let k(x) = 3*x**2 + 2*x - 1. Let y(c) = -11*c**2 - 7*c - 22 + 5 + 4 + 9 + 6. Let u(f) = 7*k(f) + 2*y(f). Let i = 5 + -8. Give u(i).
-12
Let x(z) be the third derivative of z**6/120 + 2*z**5/15 + 13*z**4/24 + 41*z**3/6 + 8*z**2 + 3*z. Let n be x(-7). Let i(g) = -5*g**2 - g. What is i(n)?
-4
Suppose 6*h - 44 = -14. Suppose 18 = 4*w - h*i, 8 = 5*w + 3*i - 2*i. Suppose r = -2*d + 14, w*r + 3 = d - 9. Let o(k) = k**3 - 8*k**2 - 2*k + 11. Give o(d).
-5
Let u(l) be the first derivative of -1/4*l**4 - 1/2*l**2 + 29*l - 69 - 1/3*l**3. What is u(0)?
29
Let z be (-2)/6 + (-424)/6. Let g = z - -76. Let x(s) = 3*s + 1. Let v(k) = 3*k + 2. Let l(q) = 6*v(q) - 7*x(q). Give l(g).
-10
Let j(a) = -a - 2*a**2 - 2 + 2 + 15*a**3. Suppose -5*f - 2645 = -5*z, -7*f + 1066 = -9*f - 2*z. Let i = 530 + f. Give j(i).
-16
Let d(x) be the second derivative of -x**5/20 - x**4/2 + 38*x**3/3 - 17*x**2/2 + 5637*x. Calculate d(6).
7
Let h(t) = 2*t + 9. Let y(s) = 167 - 321 + 153. Suppose -4*c + 20 = -4*i, 3*c = -9*i + 4*i + 7. Let p(x) = i*h(x) - 2*y(x). Determine p(-5).
3
Let y(q) = -q**3 - 139*q**2 + 282*q - 3. Let k be y(-141). Let x(g) = g**3 + 5*g**2 + 6*g + 12. Determine x(k).
12
Let n(g) be the first derivative of 2*g**3 - 3/2*g**2 - 2 - 1/4*g**4 + 0*g. Let p(v) = -2*v + 17. Let d be p(7). Calculate n(d).
18
Let u(t) = 10*t + 214. Let b(o) = -4*o - 74. Let i(d) = -11*b(d) - 4*u(d). Give i(9).
-6
Let x(q) be the first derivative of -q**2/2 - 25*q - 1295. Give x(-7).
-18
Suppose 153*l + 213 + 288 = 195. Let k(r) = -2*r - 2. Calculate k(l).
2
Let z(u) = u - 2*u - 3 - 9*u**2 - u**3 - 8*u. Let w(k) = 13*k**2 + 82*k + 16. Let o be w(-6). Determine z(o).
5
Let t(v) = 4*v - 2. Suppose -12 = -17*m + 11*m. Let s be (3 + -4)*-1 + m. What is t(s)?
10
Let h(r) = -r**2 - 6*r + 38. Let f(x) = x**2 + 9*x - 66. Let c(z) = 3*f(z) + 5*h(z). What is c(-7)?
-85
Let c(x) be the second derivative of -x**3/3 - 6*x**2 + x. Suppose 2*v = 3*t + 33, -10*v = 2*t - 14*v + 30. Give c(t).
6
Let g(i) be the second derivative of i**3 + 67*i**2 + 14292*i. What is g(-20)?
14
Let t(l) be the third derivative of l**4/6 + 77*l**3/6 + 35*l**2 - 93*l. Determine t(-25).
-23
Let y(g) = -20*g + 355. Let i(v) = -116*v + 1773. Let b(u) = -2*i(u) + 11*y(u). What is b(-30)?
-1
Suppose -9*k = -4*k + 120. Let h be k/8 - 3*1. Let v(y) = 6 - y**3 - 3 + 2*y**2 - 3*y**2 - 5*y**2. Give v(h).
3
Let u(m) = -27 - m**3 + 2*m - 4 + 15*m + 3*m - 22*m. Determine u(0).
-31
Let a = 45 - 10. Let j be (a/(-15))/((-2)/(-6)). Let h(r) = 287*r + 3 + 2 - 143*r - 143*r. Determine h(j).
-2
Let p(f) be the first derivative of -1/360*f**6 + 1/12*f**4 + 7/120*f**5 + 0*f + 2*f**3 + 41 + 0*f**2. Let k(r) be the third derivative of p(r). Calculate k(8).
-6
Let i(u) = -43*u**2 - 19*u - 38. Let b(p) = -103*p**2 - 47*p - 95. Let a(t) = 5*b(t) - 12*i(t). Calculate a(-2).
-1
Suppose -466*c = -74*c - 1099 - 469. Let x(m) be the third derivative of 11*m**2 + 0*m - 1/12*m**c + 0 + 5/6*m**3. Give x(7).
-9
Let m(b) = -2*b - 1. Suppose 0 = -z - 1, z - 2*z = q - 2. Suppose -q*y = -4*d + 5, -4*d + 0*y + 2*y + 2 = 0. What is m(d)?
1
Let o(h) be the third derivative of -h**5/60 + 7*h**4/24 - h**3/6 + 210*h**2. Suppose 0*a - 18 = -3*a. Determine o(a).
5
Let y(o) = 4*o**2 - o - 4. Let z(g) = 6*g**2 - 42*g + 12. Let f be z(6). Let w be (-1*f/(-36))/(4/(-18)). What is y(w)?
29
Let o(z) = 7*z - 1. Let r be o(1). Suppose 7*i - 9*i = r. Let q(d) = -6*d + 1 + 4*d + 3. Determine q(i).
10
Let a(b) = 3*b + 19. Let x(r) = -r**2 - 75*r - 1322. Let y be x(-47). What is a(y)?
1
Let t(b) = 107*b - 2 - 106*b + 9. Suppose 0 = 5*y - 5*g + 75, 61*g - 52 = 3*y + 57*g. Calculate t(y).
-1
Let k(g) = -3 - g - 4*g**2 + 23*g**3 + 16*g**3 + 7*g**3 - 45*g**3. Determine k(4).
-7
Let g(o) = 6*o - 6. Let v(x) = -11*x + 13. Let f(q) = 5*g(q) + 2*v(q). What is f(-2)?
-20
Let r(f) = -8*f + 45. Let l be r(5). Let h be (l + 1)/(3/(-2)) + -3. Let v(k) = -k + 1. Give v(h).
8
Let h(m) = m**3 - m - 1. Let l(q) = 5*q**3 - 7*q**2 - 14*q - 12. Let g(t) = 6*h(t) - l(t). Let f be (639 - 623)/((-48)/15). What is g(f)?
16
Let c = -249 + 169. Let b = -78 - c. Let u(z) = -3*z + 8 + 5*z**b - 2*z - 4*z**2 - 2*z. Determine u(6).
2
Let t(f) = f - 32. Let h(m) = -11*m - 36. Let s(x) = -2*x + 2. Let l(z) = h(z) - 6*s(z). Let g(w) = 5*l(w) - 8*t(w). What is g(7)?
-5
Let s(c) = 12*c - 127. Let n(y) = 13*y - 131. Let j(a) = 8*n(a) - 9*s(a). Calculate j(24).
-1
Let d(r) = 75*r - 304. Suppose -25*q + 26876 - 26776 = 0. Determine d(q).
-4
Let s(a) = -a + 2. Let c(i) = -i**3 + 12*i**2 - 19*i - 1. Let p be c(10). Let d be p/(2 - 5) - (1 + -48). Let t = 50 - d. Determine s(t).
-4
Let b(w) = 2*w**2 - w. Let n(m) = 3*m**2 - 2*m. Let a(d) = 6*b(d) - 3*n(d). Suppose 6*v - 34 + 40 = 0. Give a(v).
3
Let a(l) = -l + 50. Let o(f) = 52. Let y(g) = 2*a(g) - 3*o(g). Let v be y(-30). Let b(c) = c**3 - 5*c**2 + 4*c - 1. Determine b(v).
-1
Let d(i) = 2*i**2 - i - 1. Let o = -61 + 64. Suppose -2 = o*b - 188. Let q = 65 - b. What is d(q)?
14
Let y be (-1)/2 + (-1495)/(-26). Suppose -28 = -4*i - 4*v, 0 = 2*i - 5*v - 0*v + 21. Let m(h) = y - i*h - 28 - 24. Determine m(6).
-7
Let v(i) = 19*i**2 + 112*i - 136. Let p(z) = 11*z**2 + 60*z - 68. Let q(m) = -5*p(m) + 3*v(m). Determine q(-19).
-30
Suppose 5*s - 37*s - 30*s = -744. Let q(a) = -a**3 + 10*a**2 + 11*a + 13. Give q(s).
-143
Let i = 1 + -7. Let l = -3 - i. Let v(z) be the first derivative of z**3/3 - 3*z**2 - 24501. Determine v(l).
-9
Let j(o) = -o**2 + 28*o - 22. Suppose -230*m = -1859 + 121 - 4472. Give j(m).
5
Let w(z) be the first derivative of 5*z**2 + z + 524. Calculate w(-1).
-9
Let u(j) = 5*j - 57. Let a be ((-90)/(-594) - (-1)/(-3)) + (-7650)/(-330). Calculate u(a).
58
Let q(i) = 4*i + 3*i**2 - 7*i - 4*i**2. Let a(v) = v**3 + 3*v**2 - 49*v - 37. Let u be a(6). Give q(u).
-28
Let i(s) = -62*s - 252. Let p be i(-4). Let a(l) = -l**3 - 6*l**2 - 12*l - 8. What is a(p)?
8
Let n(x) = 1 - x**3 + 24*x + 566*x**2 - 552*x**2 + 2*x**3. Calculate n(-12).
1
Let q(z) be the third derivative of -z**5/60 + z**4 + 57*z**3 + 4663*z**2. What is q(-10)?
2
Suppose 3*v = -3 + 18. Let q(y) = -y**2 + 5*y + 1. Let s be q(4). Let z(b) = s*b + 7 - 2*b**2 - 2*b + b**2. Determine z(v).
-3
Let d(y) = -y**2 - 3*y + 3. Suppose -14*i = 2*i - 240. Suppose -i*b = 17 + 58. Calculate d(b).
-7
Let x(a) be the third derivative of -a**4/24 - a**3/3 - a**2. Let c(u) = -2*u - 15. Let y be c(-9). Suppose y*i + 4 = 1. Calculate x(i).
-1
Suppose n + 0*z - 36 = -z, 2*z = 4*n - 138. Suppose 0 = 4*f + 3*b - n, 3*f = 3*b + 42. Let c(u) = -7 + 18 - 4 - f*u - 4. Give c(2).
-19
Let g = 16 + -12. Suppose -x + 5 = 3*j, 2*x + j - 2*j = 3. Let t(a) = 9*a + 3 - 3*a - 2*a + 0 - a**x. Calculate t(g).
3
Let s(l) = -50*l**2 - 16*l +